60?
False
Is 21 a factor of 1525?
False
Is 8190 a multiple of 30?
True
Is 13 a factor of 55745?
False
Is 300 a multiple of 20?
True
Is 48 a factor of 2928?
True
Does 17 divide 37302?
False
Is 8015 a multiple of 68?
False
Is 3447 a multiple of 104?
False
Is 6 a factor of 7128?
True
Is 2016 a multiple of 8?
True
Does 3 divide 285?
True
Is 14 a factor of 59612?
True
Is 47528 a multiple of 104?
True
Does 6 divide 664?
False
Is 9133 a multiple of 8?
False
Does 21 divide 294?
True
Is 31 a factor of 31?
True
Is 4 a factor of 223?
False
Is 4 a factor of 464?
True
Is 11799 a multiple of 7?
False
Is 1399 a multiple of 19?
False
Is 6 a factor of 33366?
True
Is 7366 a multiple of 29?
True
Does 75 divide 225?
True
Is 760 a multiple of 10?
True
Does 16 divide 8560?
True
Does 4 divide 7608?
True
Does 45 divide 2475?
True
Is 62 a multiple of 2?
True
Does 43 divide 7310?
True
Is 649 a multiple of 7?
False
Is 13 a factor of 33839?
True
Is 67 a factor of 67?
True
Does 45 divide 1315?
False
Is 9 a factor of 79?
False
Is 16 a factor of 1440?
True
Is 5 a factor of 230?
True
Does 15 divide 1605?
True
Does 127 divide 28956?
True
Is 15652 a multiple of 91?
True
Does 2 divide 11?
False
Is 3 a factor of 193?
False
Is 63 a factor of 41637?
False
Is 8684 a multiple of 31?
False
Is 605 a multiple of 67?
False
Does 15 divide 13391?
False
Is 24 a factor of 1152?
True
Does 105 divide 17640?
True
Is 8 a factor of 567?
False
Is 2 even?
True
Does 13 divide 1105?
True
Is 359 a multiple of 5?
False
Is 723 a multiple of 9?
False
Is 49 a factor of 57722?
True
Is 43 a factor of 73?
False
Does 14 divide 1428?
True
Is 2228 a multiple of 14?
False
Does 216 divide 115344?
True
Is 18 a factor of 847?
False
Is 676 a multiple of 32?
False
Does 24 divide 62088?
True
Is 64 a factor of 1754?
False
Does 6 divide 671?
False
Does 28 divide 6386?
False
Is 14 a factor of 1747?
False
Is 83 a factor of 14608?
True
Is 58 a factor of 38015?
False
Is 160641 a multiple of 39?
True
Is 13 a factor of 702?
True
Is 238 a multiple of 14?
True
Does 39 divide 1076?
False
Is 16 a factor of 192?
True
Does 26 divide 15730?
True
Is 30 a factor of 630?
True
Is 724 a multiple of 17?
False
Is 17 a factor of 635?
False
Does 200 divide 56782?
False
Does 14 divide 1857?
False
Is 1406 a multiple of 5?
False
Is 978 a multiple of 12?
False
Is 3781 a multiple of 64?
False
Is 12972 a multiple of 138?
True
Is 582 a multiple of 15?
False
Does 4 divide 369?
False
Is 6 a factor of 51?
False
Is 11475 a multiple of 45?
True
Is 6594 a multiple of 21?
True
Is 57 a factor of 684?
True
Does 2 divide 343?
False
Is 5 a factor of 364?
False
Is 9 a factor of 351?
True
Is 25 a factor of 743?
False
Does 37 divide 2035?
True
Does 22 divide 44242?
True
Does 15 divide 11558?
False
Is 3 a factor of 51?
True
Does 7 divide 1778?
True
Does 10 divide 559?
False
Does 191 divide 35526?
True
Is 18 a factor of 805?
False
Is 44 a factor of 7084?
True
Is 95 a factor of 570?
True
Does 135 divide 1256?
False
Does 37 divide 15136?
False
Is 2697 a multiple of 15?
False
Is 12 a factor of 489?
False
Is 897 a multiple of 55?
False
Does 9 divide 90?
True
Is 2820 a multiple of 6?
True
Does 73 divide 1142?
False
Is 2680 a multiple of 20?
True
Is 841 a multiple of 33?
False
Does 18 divide 12294?
True
Is 401 a multiple of 9?
False
Does 44 divide 660?
True
Does 8 divide 349?
False
Does 3 divide 3495?
True
Does 2 divide 341?
False
Is 16547 a multiple of 74?
False
Is 28 a factor of 1624?
True
Is 14 a factor of 626?
False
Is 19 a factor of 551?
True
Is 40870 a multiple of 53?
False
Is 9 a factor of 3492?
True
Does 18 divide 83610?
True
Is 170 a multiple of 3?
False
Is 21 a factor of 478?
False
Is 3045 a multiple of 15?
True
Is 64 a factor of 16192?
True
Is 33 a factor of 1195?
False
Is 3474 a multiple of 18?
True
Does 75 divide 1333?
False
Is 167 a multiple of 11?
False
Does 23 divide 3548?
False
Is 4 a factor of 135?
False
Does 3 divide 1935?
True
Does 13 divide 47398?
True
Is 57 a factor of 6044?
False
Is 12 a factor of 4152?
True
Is 189 a multiple of 3?
True
Is 82 a factor of 2460?
True
Does 18 divide 421?
False
Is 200 a factor of 16400?
True
Is 3 a factor of 147?
True
Is 220 a factor of 44985?
False
Is 11 a factor of 77?
True
Is 36664 a multiple of 8?
True
Is 16 even?
True
Does 5 divide 65?
True
Is 7 a factor of 17423?
True
Is 24140 a multiple of 34?
True
Does 115 divide 21390?
True
Is 1012 a multiple of 57?
False
Does 15 divide 14790?
True
Is 32283 a multiple of 51?
True
Is 60 a factor of 2280?
True
Is 2188 a multiple of 59?
False
Is 9 a factor of 1986?
False
Is 1952 a multiple of 38?
False
Is 6846 a multiple of 20?
False
Is 116207 a multiple of 13?
True
Does 11 divide 6622?
True
Is 15 a factor of 1870?
False
Does 10 divide 1440?
True
Is 3944 a multiple of 14?
False
Is 492 a multiple of 17?
False
Does 5 divide 171?
False
Is 21 a factor of 18942?
True
Is 2 a factor of 29?
False
Is 149 a factor of 9786?
False
Does 39 divide 538?
False
Is 65 a factor of 1235?
True
Is 2152 a multiple of 8?
True
Is 101 a factor of 15655?
True
Does 42 divide 43344?
True
Does 20 divide 104029?
False
Does 58 divide 284?
False
Is 5 a factor of 2895?
True
Is 327 a multiple of 21?
False
Is 15 a factor of 55?
False
Is 45 a factor of 3005?
False
Does 19 divide 1957?
True
Is 6786 a multiple of 117?
True
Is 36343 a multiple of 196?
False
Is 16 a factor of 344?
False
Is 9 a factor of 6795?
True
Does 9 divide 1043?
False
Does 3 divide 529?
False
Is 22 a factor of 1235?
False
Is 1812 a multiple of 4?
True
Is 11 a factor of 2594?
False
Is 162 a factor of 648?
True
Is 10692 a multiple of 44?
True
Is 16 a factor of 31856?
True
Is 1439 a multiple of 34?
False
Does 232 divide 27235?
False
Is 7332 a multiple of 18?
False
Does 9 divide 186?
False
Is 84 a factor of 12180?
True
Is 432 a multiple of 33?
False
Is 13 a factor of 20628?
False
Is 7 a factor of 608?
False
Does 41 divide 1558?
True
Is 10 a factor of 83300?
True
Is 19 a factor of 17881?
False
Does 9 divide 516?
False
Does 14 divide 432?
False
Does 3 divide 669?
True
Is 32 a factor of 10610?
False
Is 105894 a multiple of 37?
True
Is 1026 a multiple of 18?
True
Does 21 divide 122?
False
Is 912 a multiple of 4?
True
Does 18 divide 2124?
True
Is 748 a multiple of 44?
True
Does 2 divide 24?
True
Is 627 a multiple of 33?
True
Does 197 divide 26746?
False
Is 924 a multiple of 77?
True
Is 4312 a multiple of 98?
True
Is 4 a factor of 68?
True
Does 7 divide 328?
False
Does 59 divide 80256?
False
Is 7816 a multiple of 11?
False
Is 42 a factor of 973?
False
Is 384 a multiple of 4?
True
Does 16 divide 704?
True
Does 19 divide 3610?
True
Is 5 a factor of 140?
True
Is 25 a factor of 7600?
True
Does 11 divide 1045?
True
Is 15 a factor of 9030?
True
Is 71318 a multiple of 56?
False
Is 6 a factor of 383?
False
Does 35 divide 157?
False
Does 12 divide 2336?
False
Does 13 divide 2782?
True
Is 6 a factor of 198?
True
Does 80 divide 80?
True
Is 2071 a multiple of 35?
False
Is 434 a multiple of 14?
True
Is 500 a multiple of 10?
True
Is 714 a multiple of 51?
True
Is 1839 a multiple of 23?
False
Is 57 a factor of 2403?
False
Does 66 divide 10297?
False
Is 1046 a multiple of 14?
False
Is 10 a factor of 381?
False
Is 11062 a multiple of 39?
False
Is 27 a factor of 351?
True
Does 4 divide 1086?
False
Is 168 a multiple of 6?
True
Is 9028 a multiple of 12?
False
Is 67 a factor of 12264?
False
Is 172 a factor of 13416?
True
Is 15 a multiple of 3?
True
Does 108 divide 12888?
False
Is 723 a multiple of 6?
False
Is 271 a multiple of 6?
False
Is 439 a multiple of 20?
False
Does 13 divide 2054?
True
Is 9194 a multiple of 13?
False
Is 54 a factor of 1080?
True
Is 22518 a multiple of 18?
True
Is 1120 a multiple of 32?
True
Is 1215 a multiple of 45?
True
Is 31 a factor of 465?
True
Does 145 divide 580?
True
Does 12 divide 516?
True
Is 11 a factor of 1210?
True
Is 63304 a multiple of 248?
False
Is 14 a factor of 12878?
False
Is 2023 a multiple of 119?
True
Is 37 a multiple of 5?
False
Is 74 a factor of 53898?
False
Is 3682 a multiple of 7?
True
Is 56313 a multiple of 141?
False
Does 46 divide 46545?
False
Is 5527 a multiple of 33?
False
Does 29 divide 414?
False
Is 6 a factor of 301?
False
Is 32 a factor of 384?
True
Is 60214 a multiple of 30?
False
Does 10 divide 976?
False
Does 47 d